{"id":970,"date":"2012-05-16T11:50:42","date_gmt":"2012-05-16T09:50:42","guid":{"rendered":"https:\/\/www.agbridge.es\/?page_id=970"},"modified":"2014-05-12T07:54:04","modified_gmt":"2014-05-12T05:54:04","slug":"asamblea-general-ordinaria-2012","status":"publish","type":"page","link":"https:\/\/www.agbridge.es\/?page_id=970","title":{"rendered":"Asamblea General Ordinaria 2012"},"content":{"rendered":"<p style=\"text-align: justify;\"><span style=\"font-size: small; font-family: arial, helvetica, sans-serif;\">En cumplimiento de lo dispuesto en los Estatutos y de acuerdo con la convocatoria, se ha celebrado el viernes d\u00eda 30 de marzo de 2012,\u00a0la Asamblea General Ordinaria de la Asociaci\u00f3n Gallega de Bridge,\u00a0en la sede de la Asociaci\u00f3n (Real Club N\u00e1utico de La Coru\u00f1a. Muelle Almirante Vierna, s\/n).<\/span><\/p>\n<p style=\"text-align: justify;\"><span style=\"font-size: small; font-family: arial, helvetica, sans-serif;\"><em>Ver texto del anuncio de la Asamblea<\/em>:\u00a0<a href=\"https:\/\/www.agbridge.es\/wp-content\/uploads\/2012\/03\/Convocatoria-Asamblea-General-2012.pdf\" target=\"_blank\">Convocatoria Asamblea General 2012<\/a><\/span><\/p>\n<p style=\"text-align: justify;\"><span style=\"font-size: small; font-family: arial, helvetica, sans-serif;\">Para conocer en detalle los asuntos tratados en la Asamblea General de la AGB, puedes descargar en los siguientes enlaces varios documentos de inter\u00e9s:<\/span><\/p>\n<ul>\n<li style=\"text-align: justify;\"><span style=\"font-size: small; font-family: arial, helvetica, sans-serif;\"><a title=\"Presentaci\u00f3n Asamblea 2012 (PowerPoint)\" href=\"https:\/\/www.agbridge.es\/wp-content\/uploads\/2012\/03\/0.Presentaci\u00f3n-Asamblea.pptx\" target=\"_blank\">Presentaci\u00f3n Asamblea 2012<\/a>\u00a0(Formato PowerPoint)<\/span><\/li>\n<li style=\"text-align: justify;\"><span style=\"font-size: small; font-family: arial, helvetica, sans-serif;\"><a href=\"https:\/\/www.agbridge.es\/wp-content\/uploads\/2012\/04\/00.Acta-de-la-Asamblea-2012.pdf\" target=\"_blank\">Acta de la Asamblea General 2012<\/a>\u00a0(formato PDF)<\/span><\/li>\n<li style=\"text-align: justify;\"><span style=\"font-size: small; font-family: arial, helvetica, sans-serif;\"><a href=\"https:\/\/www.agbridge.es\/wp-content\/uploads\/2012\/03\/2.Cuentas-2012.pdf\" target=\"_blank\">Cuentas anuales 2011<\/a>\u00a0(formato PDF)<\/span><\/li>\n<li style=\"text-align: justify;\"><span style=\"font-size: small; font-family: arial, helvetica, sans-serif;\"><a href=\"https:\/\/www.agbridge.es\/wp-content\/uploads\/2012\/03\/4.Presupuesto-2012.pdf\" target=\"_blank\">Presupuesto de Ingresos &#8211; Gastos 2012<\/a>\u00a0(formato PDF)<\/span><\/li>\n<\/ul>\n","protected":false},"excerpt":{"rendered":"<p>En cumplimiento de lo dispuesto en los Estatutos y de acuerdo con la convocatoria, se ha celebrado el viernes d\u00eda 30 de marzo de 2012,\u00a0la Asamblea General Ordinaria de la Asociaci\u00f3n Gallega de Bridge,\u00a0en la sede de la Asociaci\u00f3n (Real &hellip; <a href=\"https:\/\/www.agbridge.es\/?page_id=970\">Sigue leyendo <span class=\"meta-nav\">&rarr;<\/span><\/a><\/p>\n","protected":false},"author":1,"featured_media":0,"parent":365,"menu_order":0,"comment_status":"closed","ping_status":"closed","template":"","meta":{"ngg_post_thumbnail":0,"footnotes":""},"class_list":["post-970","page","type-page","status-publish","hentry"],"_links":{"self":[{"href":"https:\/\/www.agbridge.es\/index.php?rest_route=\/wp\/v2\/pages\/970","targetHints":{"allow":["GET"]}}],"collection":[{"href":"https:\/\/www.agbridge.es\/index.php?rest_route=\/wp\/v2\/pages"}],"about":[{"href":"https:\/\/www.agbridge.es\/index.php?rest_route=\/wp\/v2\/types\/page"}],"author":[{"embeddable":true,"href":"https:\/\/www.agbridge.es\/index.php?rest_route=\/wp\/v2\/users\/1"}],"replies":[{"embeddable":true,"href":"https:\/\/www.agbridge.es\/index.php?rest_route=%2Fwp%2Fv2%2Fcomments&post=970"}],"version-history":[{"count":0,"href":"https:\/\/www.agbridge.es\/index.php?rest_route=\/wp\/v2\/pages\/970\/revisions"}],"up":[{"embeddable":true,"href":"https:\/\/www.agbridge.es\/index.php?rest_route=\/wp\/v2\/pages\/365"}],"wp:attachment":[{"href":"https:\/\/www.agbridge.es\/index.php?rest_route=%2Fwp%2Fv2%2Fmedia&parent=970"}],"curies":[{"name":"wp","href":"https:\/\/api.w.org\/{rel}","templated":true}]}}