{"id":7656,"date":"2026-03-06T17:36:19","date_gmt":"2026-03-06T16:36:19","guid":{"rendered":"https:\/\/www.agbridge.es\/?page_id=7656"},"modified":"2026-03-06T17:41:01","modified_gmt":"2026-03-06T16:41:01","slug":"xii-campeonato-de-galicia-de-equipos-open-2026","status":"publish","type":"page","link":"https:\/\/www.agbridge.es\/?page_id=7656","title":{"rendered":"XII Campeonato de Galicia de Equipos Open 2026"},"content":{"rendered":"<p style=\"text-align: justify;\"><span style=\"font-size: 10pt;\"><img loading=\"lazy\" decoding=\"async\" class=\"wp-image-7610 alignleft\" src=\"https:\/\/www.agbridge.es\/wp-content\/uploads\/2026\/01\/Portada-2026.jpg\" alt=\"\" width=\"163\" height=\"201\" srcset=\"https:\/\/www.agbridge.es\/wp-content\/uploads\/2026\/01\/Portada-2026.jpg 824w, https:\/\/www.agbridge.es\/wp-content\/uploads\/2026\/01\/Portada-2026-243x300.jpg 243w, https:\/\/www.agbridge.es\/wp-content\/uploads\/2026\/01\/Portada-2026-768x947.jpg 768w\" sizes=\"auto, (max-width: 163px) 100vw, 163px\" \/>Un a\u00f1o m\u00e1s la <strong>A.G.B.<\/strong> organiza el <u><b>Campeonato de Galicia de Equipos Open 2026<\/b><\/u>; un torneo que convoca a todos los jugadores de bridge gallegos, de cualquier categor\u00eda y nivel de juego, a esta modalidad de competici\u00f3n -menos frecuente pero muy interesante- que tanto \u00e9xito alcanz\u00f3 en ediciones anteriores.<\/span><\/p>\n<p style=\"text-align: justify;\"><span style=\"font-size: 10pt;\">En archivo adjunto (formato PDF) incluimos la&nbsp;<b><u>Convocatoria \u2013 Reglamento<\/u> <\/b>con toda la informaci\u00f3n inicial de este Campeonato.<\/span><\/p>\n<p><span style=\"font-size: 10pt;\">Fecha l\u00edmite para la inscripci\u00f3n: <span style=\"font-family: helvetica, arial, sans-serif; font-size: 12pt; color: #800000;\"><b><u>23 de enero de 2026<\/u><\/b><\/span><\/span><\/p>\n<p><span style=\"font-size: 10pt;\">Para la inscripci\u00f3n enviar un correo a:<span style=\"font-family: helvetica, arial, sans-serif; font-size: 12pt;\"> <b><u><a href=\"mailto:torneosgalicia@agbridge.es\" target=\"_blank\" rel=\"noopener\">torneosgalicia@<wbr>agbridge.es<\/a><\/u><\/b><\/span><\/span><\/p>\n<div class=\"entry-content\">\n<div><a href=\"https:\/\/www.agbridge.es\/wp-content\/uploads\/2026\/01\/Convocatoria-XII-Torneo-Equipos-Galicia-2026.pdf\" target=\"_blank\" rel=\"noopener\"><span style=\"text-decoration: underline; color: #800000; font-size: 10pt; font-family: tahoma, arial, helvetica, sans-serif;\"><strong>Convocatoria \u2013 Reglamento XII Torneo Equipos Galicia 2026<\/strong><\/span><\/a><\/div>\n<div>\n<div><a href=\"https:\/\/www.agbridge.es\/wp-content\/uploads\/2026\/01\/Comunicado-no-1.-Equipos-Galicia-2026.-Rev.1.pdf\" target=\"_blank\" rel=\"noopener\"><span style=\"color: #800000;\"><span style=\"text-decoration: underline; font-size: 10pt; font-family: tahoma, arial, helvetica, sans-serif;\"><strong>Comunicado inicial para los Capitanes de los equipos<\/strong><\/span><\/span><\/a><\/div>\n<div><a href=\"https:\/\/www.agbridge.es\/wp-content\/uploads\/2026\/01\/Horarios-Enfrentamientos-2026.pdf\" target=\"_blank\" rel=\"noopener\"><span style=\"color: #800000;\"><span style=\"text-decoration: underline; font-family: tahoma, arial, helvetica, sans-serif;\"><span style=\"font-size: 10pt;\"><strong>Grupos y Categor\u00edas. Formato de juego. Enfrentamientos &#8211; Calendario y horarios<\/strong><\/span><\/span><\/span><\/a><\/div>\n<div>\n<div><a href=\"https:\/\/www.agbridge.es\/wp-content\/uploads\/2026\/03\/XII-Campeonato-de-Equipos-2026.-Resultados-1a.pdf\" target=\"_blank\" rel=\"noopener\"><span style=\"color: #800000; font-family: tahoma, arial, helvetica, sans-serif; font-size: 10pt;\"><strong><span style=\"text-decoration: underline;\">Liga de clasificaci\u00f3n &#8211; Resultados despu\u00e9s de la 1\u00aa sesi\u00f3n<\/span><\/strong><\/span><\/a><\/div>\n<div><a href=\"https:\/\/www.agbridge.es\/wp-content\/uploads\/2026\/03\/XII-Campeonato-de-Equipos-2026.-Resultados-2a.pdf\" target=\"_blank\" rel=\"noopener\"><span style=\"color: #800000; font-family: tahoma, arial, helvetica, sans-serif; font-size: 10pt;\"><strong><span style=\"text-decoration: underline;\">Liga de clasificaci\u00f3n &#8211; Resultados despu\u00e9s de la 2\u00aa sesi\u00f3n<\/span><\/strong><\/span><\/a><\/div>\n<\/div>\n<\/div>\n<\/div>\n","protected":false},"excerpt":{"rendered":"<p>Un a\u00f1o m\u00e1s la A.G.B. organiza el Campeonato de Galicia de Equipos Open 2026; un torneo que convoca a todos los jugadores de bridge gallegos, de cualquier categor\u00eda y nivel de juego, a esta modalidad de competici\u00f3n -menos frecuente pero &hellip; <a href=\"https:\/\/www.agbridge.es\/?page_id=7656\">Sigue leyendo <span class=\"meta-nav\">&rarr;<\/span><\/a><\/p>\n","protected":false},"author":1,"featured_media":0,"parent":0,"menu_order":0,"comment_status":"closed","ping_status":"closed","template":"","meta":{"ngg_post_thumbnail":0,"footnotes":""},"class_list":["post-7656","page","type-page","status-publish","hentry"],"_links":{"self":[{"href":"https:\/\/www.agbridge.es\/index.php?rest_route=\/wp\/v2\/pages\/7656","targetHints":{"allow":["GET"]}}],"collection":[{"href":"https:\/\/www.agbridge.es\/index.php?rest_route=\/wp\/v2\/pages"}],"about":[{"href":"https:\/\/www.agbridge.es\/index.php?rest_route=\/wp\/v2\/types\/page"}],"author":[{"embeddable":true,"href":"https:\/\/www.agbridge.es\/index.php?rest_route=\/wp\/v2\/users\/1"}],"replies":[{"embeddable":true,"href":"https:\/\/www.agbridge.es\/index.php?rest_route=%2Fwp%2Fv2%2Fcomments&post=7656"}],"version-history":[{"count":0,"href":"https:\/\/www.agbridge.es\/index.php?rest_route=\/wp\/v2\/pages\/7656\/revisions"}],"wp:attachment":[{"href":"https:\/\/www.agbridge.es\/index.php?rest_route=%2Fwp%2Fv2%2Fmedia&parent=7656"}],"curies":[{"name":"wp","href":"https:\/\/api.w.org\/{rel}","templated":true}]}}