{"id":7297,"date":"2024-08-08T20:48:50","date_gmt":"2024-08-08T18:48:50","guid":{"rendered":"https:\/\/www.agbridge.es\/?page_id=7297"},"modified":"2026-03-07T11:49:39","modified_gmt":"2026-03-07T10:49:39","slug":"xxvi-torneo-de-bridge-liceo-casino-ciudad-de-pontevedra","status":"publish","type":"page","link":"https:\/\/www.agbridge.es\/?page_id=7297","title":{"rendered":"XXVI Torneo de Bridge Liceo Casino Ciudad de Pontevedra"},"content":{"rendered":"<p style=\"text-align: justify;\"><span style=\"font-family: tahoma, arial, helvetica, sans-serif; font-size: 10pt;\"><a href=\"https:\/\/www.agbridge.es\/wp-content\/uploads\/2024\/08\/Logo-en-fondo-azul.jpg\"><img loading=\"lazy\" decoding=\"async\" class=\"wp-image-7300 alignleft\" src=\"https:\/\/www.agbridge.es\/wp-content\/uploads\/2024\/08\/Logo-en-fondo-azul.jpg\" alt=\"\" width=\"106\" height=\"115\" srcset=\"https:\/\/www.agbridge.es\/wp-content\/uploads\/2024\/08\/Logo-en-fondo-azul.jpg 364w, https:\/\/www.agbridge.es\/wp-content\/uploads\/2024\/08\/Logo-en-fondo-azul-276x300.jpg 276w\" sizes=\"auto, (max-width: 106px) 100vw, 106px\" \/><\/a>Los d\u00edas 5 y 6 de agosto de 2024 se celebr\u00f3 el <\/span><strong style=\"font-size: 10pt;\">XXVI Torneo de Bridge Liceo Casino Ciudad de Pontevedra<\/strong><span style=\"font-family: tahoma, arial, helvetica, sans-serif; font-size: 10pt;\">. El torneo, como es habitual, se jug\u00f3 en las espl\u00e9ndidas instalaciones del Liceo Casino de Pontevedra en La Caeira, organizado por el Club de Bridge de esa Sociedad. El torneo cont\u00f3 con la participaci\u00f3n de 61 parejas (se complet\u00f3 el aforo m\u00e1ximo previsto) lo que demuestra el \u00e9xito de la convocatoria y una muestra de la excelente organizaci\u00f3n de este torneo.<\/span><\/p>\n<div class=\"entry-content\">\n<p><span style=\"font-family: tahoma, arial, helvetica, sans-serif; font-size: 10pt;\">La direcci\u00f3n t\u00e9cnica del torneo estuvo a cargo de <strong>Sabela Dom\u00ednguez Vaz y Jos\u00e9 Garc\u00eda Olivares<\/strong>.<\/span><\/p>\n<p><a href=\"https:\/\/www.agbridge.es\/wp-content\/uploads\/2024\/08\/A-caeira.-5-e1723026256714.jpeg\"><img loading=\"lazy\" decoding=\"async\" class=\"wp-image-7301 aligncenter\" src=\"https:\/\/www.agbridge.es\/wp-content\/uploads\/2024\/08\/A-caeira.-5-e1723026256714.jpeg\" alt=\"\" width=\"581\" height=\"355\" srcset=\"https:\/\/www.agbridge.es\/wp-content\/uploads\/2024\/08\/A-caeira.-5-e1723026256714.jpeg 678w, https:\/\/www.agbridge.es\/wp-content\/uploads\/2024\/08\/A-caeira.-5-e1723026256714-300x183.jpeg 300w\" sizes=\"auto, (max-width: 581px) 100vw, 581px\" \/><\/a><\/p>\n<p><a href=\"https:\/\/www.agbridge.es\/wp-content\/uploads\/2024\/07\/Torneo-Bridge-ciudad-de-pontevedra.pdf\" target=\"_blank\" rel=\"noopener\"><span style=\"text-decoration: underline;\"><span style=\"font-family: georgia, palatino, serif; font-size: 10pt;\"><strong><em>Programa XXVI Torneo Liceo Casino Ciudad de Pontevedra<\/em><\/strong><\/span><\/span><\/a><\/p>\n<address>\n<address><span style=\"font-family: georgia, palatino, serif; font-size: 10pt;\"><strong><em>Informaci\u00f3n sobre el Torneo&nbsp;(\u2018click\u2019 sobre los siguientes enlaces):<\/em><\/strong><\/span><\/address>\n<\/address>\n<address><a href=\"https:\/\/www.agbridge.es\/wp-content\/uploads\/2024\/08\/Clasificacion-1a-Sesion-LCP-2024.pdf\" target=\"_blank\" rel=\"noopener\"><span style=\"text-decoration: underline;\"><span style=\"font-family: georgia, palatino, serif; font-size: 10pt;\"><em>Resultados primera sesi\u00f3n<\/em><\/span><\/span><\/a><\/address>\n<address><a href=\"https:\/\/www.agbridge.es\/wp-content\/uploads\/2024\/08\/Hojas-de-ruta-1a-sesion-LCP-2024.pdf\" target=\"_blank\" rel=\"noopener\"><span style=\"text-decoration: underline;\"><span style=\"font-family: georgia, palatino, serif; font-size: 10pt;\"><em>Hojas de ruta. Primera sesi\u00f3n<\/em><\/span><\/span><\/a><\/address>\n<address><a href=\"https:\/\/www.agbridge.es\/wp-content\/uploads\/2024\/08\/Manos-1a-sesion-LCP-2024.pdf\" target=\"_blank\" rel=\"noopener\"><span style=\"text-decoration: underline;\"><span style=\"font-family: georgia, palatino, serif; font-size: 10pt;\">Manos. Primera sesi\u00f3n<\/span><\/span><\/a><\/address>\n<address><a href=\"https:\/\/www.agbridge.es\/wp-content\/uploads\/2024\/08\/Clasificacion-final-LCP-2024.pdf\" target=\"_blank\" rel=\"noopener\"><span style=\"text-decoration: underline; color: #800000;\"><span style=\"font-family: georgia, palatino, serif; font-size: 10pt;\"><strong><em>Clasificaci\u00f3n final<\/em><\/strong><\/span><\/span><\/a><\/address>\n<address><a href=\"https:\/\/www.agbridge.es\/wp-content\/uploads\/2024\/08\/Hojas-de-ruta-2a-sesion-LCP-2024.pdf\" target=\"_blank\" rel=\"noopener\"><span style=\"text-decoration: underline;\"><span style=\"font-family: georgia, palatino, serif; font-size: 10pt;\"><em>Hojas de ruta. Segunda sesi\u00f3n<\/em><\/span><\/span><\/a><\/address>\n<address><a href=\"https:\/\/www.agbridge.es\/wp-content\/uploads\/2024\/08\/Manos-2a-sesion-LCP-2024.pdf\" target=\"_blank\" rel=\"noopener\"><span style=\"text-decoration: underline;\"><span style=\"font-family: georgia, palatino, serif; font-size: 10pt;\"><em>Manos. Segunda sesi\u00f3n<\/em><\/span><\/span><\/a><\/address>\n<address><span style=\"font-family: georgia, palatino, serif; font-size: 10pt;\"><strong><em>Resumen nominal de los primeros clasificados y premios (por orden de la clasificaci\u00f3n general):<\/em><\/strong><\/span><\/address>\n<ul>\n<li><span style=\"font-family: tahoma, arial, helvetica, sans-serif; font-size: 10pt;\">Ganadores del torneo: <strong>Ana Garc\u00eda Rodr\u00edguez \u2013 Juan Ignacio de la Pe\u00f1a Vela<\/strong><\/span><\/li>\n<li><span style=\"font-family: tahoma, arial, helvetica, sans-serif; font-size: 10pt;\">Segundos clasificados: Neeraj Tanna &#8211; Duncan Thomas<\/span><\/li>\n<li><span style=\"font-family: tahoma, arial, helvetica, sans-serif; font-size: 10pt;\">Terceros clasificados: Jes\u00fas Arezana Castellanos &#8211; Conde de Castel Blanco<\/span><\/li>\n<li><span style=\"font-family: tahoma, arial, helvetica, sans-serif; font-size: 10pt;\">Cuartos clasificados: Paula de Lorenzo \u2013 Jordi Sabat\u00e9 Iglesias<\/span><\/li>\n<li><span style=\"font-family: tahoma, arial, helvetica, sans-serif; font-size: 10pt;\">Quintos clasificados: Fernando Luis D\u00edaz de Argando\u00f1a &#8211; Mar\u00eda Veciana Ri\u00f3n<\/span><\/li>\n<li><span style=\"font-family: tahoma, arial, helvetica, sans-serif; font-size: 10pt;\">Primera pareja de Galicia: Marta Nogueira Fern\u00e1ndez &#8211; Rafael Latorre Moraga<\/span><\/li>\n<li><span style=\"font-family: tahoma, arial, helvetica, sans-serif; font-size: 10pt;\">Primera resto de Espa\u00f1a: Rosa Cuadrillero Mu\u00f1\u00f3z de Baena &#8211; Alberto Castells Conrado<\/span><\/li>\n<li><span style=\"font-family: tahoma, arial, helvetica, sans-serif; font-size: 10pt;\">Primera pareja Liceo Casino de Pontevedra: M\u00f3nica Ru\u00edz de Alda &#8211; \u00c1lvaro S\u00e1nchez-Monge Morante<\/span><\/li>\n<li><span style=\"font-family: tahoma, arial, helvetica, sans-serif; font-size: 10pt;\">Primera pareja de 2\u00aa categor\u00eda: Juan Carlos Jim\u00e9nez Prieto &#8211; Jos\u00e9 Luis Fern\u00e1ndez Tapias<\/span><\/li>\n<li><span style=\"font-family: tahoma, arial, helvetica, sans-serif; font-size: 10pt;\">Primera pareja de 3\u00aa categor\u00eda: Mario Sim\u00f3n Pi\u00f1eiro Oitaven &#8211; \u00c1ngel Moldes Garc\u00eda<\/span><\/li>\n<\/ul>\n<p><em><strong><span style=\"font-size: 10pt;\">Hacer &#8216;click&#8217; en el siguiente enlace para ver la galer\u00eda de fotos<\/span><\/strong><\/em><\/p>\n<p>&nbsp;<\/p>\nngg_shortcode_0_placeholder<\/div>\n","protected":false},"excerpt":{"rendered":"<p>Los d\u00edas 5 y 6 de agosto de 2024 se celebr\u00f3 el XXVI Torneo de Bridge Liceo Casino Ciudad de Pontevedra. El torneo, como es habitual, se jug\u00f3 en las espl\u00e9ndidas instalaciones del Liceo Casino de Pontevedra en La Caeira, &hellip; <a href=\"https:\/\/www.agbridge.es\/?page_id=7297\">Sigue leyendo <span class=\"meta-nav\">&rarr;<\/span><\/a><\/p>\n","protected":false},"author":1,"featured_media":0,"parent":7184,"menu_order":1,"comment_status":"closed","ping_status":"closed","template":"","meta":{"ngg_post_thumbnail":0,"footnotes":""},"class_list":["post-7297","page","type-page","status-publish","hentry"],"_links":{"self":[{"href":"https:\/\/www.agbridge.es\/index.php?rest_route=\/wp\/v2\/pages\/7297","targetHints":{"allow":["GET"]}}],"collection":[{"href":"https:\/\/www.agbridge.es\/index.php?rest_route=\/wp\/v2\/pages"}],"about":[{"href":"https:\/\/www.agbridge.es\/index.php?rest_route=\/wp\/v2\/types\/page"}],"author":[{"embeddable":true,"href":"https:\/\/www.agbridge.es\/index.php?rest_route=\/wp\/v2\/users\/1"}],"replies":[{"embeddable":true,"href":"https:\/\/www.agbridge.es\/index.php?rest_route=%2Fwp%2Fv2%2Fcomments&post=7297"}],"version-history":[{"count":0,"href":"https:\/\/www.agbridge.es\/index.php?rest_route=\/wp\/v2\/pages\/7297\/revisions"}],"up":[{"embeddable":true,"href":"https:\/\/www.agbridge.es\/index.php?rest_route=\/wp\/v2\/pages\/7184"}],"wp:attachment":[{"href":"https:\/\/www.agbridge.es\/index.php?rest_route=%2Fwp%2Fv2%2Fmedia&parent=7297"}],"curies":[{"name":"wp","href":"https:\/\/api.w.org\/{rel}","templated":true}]}}